.
39
Let j(m) = -m**3 + 14*m**2 - 77*m + 470. Calculate j(11).
-14
Let g(i) = -i**3 - 28*i**2 - 463*i - 8805. Give g(-24).
3
Let x(v) = -4*v - 13. Determine x(5).
-33
Let l(q) = -124*q**3 - 2*q**2 - 20*q - 20. Calculate l(-1).
122
Let n(x) = -2*x**2 - 163*x - 322. Determine n(-2).
-4
Let n(g) = -2*g + 27. What is n(-7)?
41
Let q(s) = -s**2 + 23*s + 1104. Determine q(-30).
-486
Let a(f) = f**3 + 50*f**2 + 620*f - 97. Determine a(-26).
7
Let t(w) = 16*w - 16. Calculate t(-20).
-336
Let f(i) = -6*i**3 + 235*i**2 - 37*i - 197. What is f(39)?
-119
Let q(p) = 316*p - 308. What is q(1)?
8
Let b(s) = -5*s**3 - 6*s**2 + 8*s + 7. What is b(-4)?
199
Let j(h) = h**3 + 9*h + 425. Calculate j(0).
425
Let y(a) = a**3 + 55*a**2 + 749*a + 78. Calculate y(-24).
-42
Let s(k) = 11*k**2 + 113*k + 38. Give s(-9).
-88
Let l(f) = f**2 + 25*f - 125. Give l(-26).
-99
Let i(t) = t**3 + 34*t**2 + 23*t + 219. Determine i(-34).
-563
Let m(d) = d**3 + 231*d**2 + 508*d + 11443. Give m(-229).
-7
Let o(g) = -3*g**2 + 23*g + 98. What is o(10)?
28
Let g(n) = -1314*n + 60434. What is g(46)?
-10
Let k(t) = 3*t**3 + 27*t**2 + 84*t + 65. Give k(-4).
-31
Let r(f) = 44*f**2 - 107*f - 102. What is r(-1)?
49
Let i(y) = 6*y**3 - 7*y**2 - 26*y - 10. Determine i(-3).
-157
Let y(t) = -12*t**2 + 15*t - 18. Determine y(7).
-501
Let t(g) = -g**3 + 74*g**2 - 1372*g + 141. Calculate t(36).
-3
Let y(j) = -3*j**3 + 5*j - 222. What is y(0)?
-222
Let l(u) = u**3 - 10*u**2 + 33*u - 48. What is l(6)?
6
Let g(s) = 2*s**2 - 35*s - 19. Calculate g(18).
-1
Let k(j) = -9*j**2 - 324*j + 718. Give k(-38).
34
Let y(v) = 100*v**2 + 9*v + 11. What is y(-3)?
884
Let q(k) = 8*k**2 + 11. What is q(0)?
11
Let j(y) = -y**3 + 59*y**2 + 12*y - 692. Determine j(59).
16
Let b(w) = -w**3 + 27*w + 40. Determine b(-4).
-4
Let h(g) = 142*g - 492. Calculate h(5).
218
Let b(l) = l**3 - 19*l**2 + 256*l - 4880. Give b(19).
-16
Let j(t) = 7*t**2 - 3*t + 1. Give j(0).
1
Let r(p) = -74*p - 1249. What is r(-17)?
9
Let t(v) = 8*v + 331. Determine t(-23).
147
Let r(m) = -3*m**3 - 11*m**2 - 2*m. Calculate r(-3).
-12
Let k(f) = 2*f**2 + 303*f + 2424. Give k(-143).
-7
Let r(a) = -2*a**3 - 92*a**2 - 106*a + 17. Determine r(-45).
737
Let n(c) = c**3 - 76*c**2 - 143*c - 1061. Determine n(78).
-47
Let o(z) = -259*z**2 - 1037*z - 14. What is o(-4)?
-10
Let a(o) = 3695*o + 133006. What is a(-36)?
-14
Let f(j) = 4*j**3 + 335*j**2 - 82*j + 153. What is f(-84)?
-15
Let b(a) = -8*a**2 + 2*a + 9. What is b(0)?
9
Let l(c) = 407*c - 15075. Calculate l(37).
-16
Let o(n) = 2*n**2 - 110*n + 288. Calculate o(52).
-24
Let h(x) = -37*x + 756. Give h(21).
-21
Let h(f) = 2769*f - 8331. Give h(3).
-24
Let g(o) = -4*o**3 - 36*o**2 - 34*o - 9. What is g(-8)?
7
Let a(l) = l**3 - 26*l**2 - 26*l + 63. Calculate a(27).
90
Let o(v) = v**2 - 32*v + 52. Give o(33).
85
Let k(x) = -2*x**3 + 47*x**2 - 6*x - 369. Give k(23).
22
Let x(q) = -19*q + 1049. Give x(37).
346
Let g(z) = z**3 + 18*z**2 + 71*z + 44. What is g(-4)?
-16
Let s(w) = 49*w**2 + 25*w + 24. Determine s(-1).
48
Let p(k) = -k**3 - 189*k**2 + 378*k - 758. Determine p(-191).
6
Let i(t) = t**2 - 19*t - 107. Give i(-7).
75
Let u(n) = -n**2 + 31*n - 221. Calculate u(12).
7
Let c(y) = 2*y**2 + 251*y - 4. What is c(0)?
-4
Let t(v) = v**3 - 4*v**2 - 92*v + 430. Give t(5).
-5
Let y(w) = -13*w**3 - 91*w**2 + 3*w + 11. Determine y(-7).
-10
Let o(r) = 61*r - 680. Determine o(10).
-70
Let x(q) = -17*q**2 + 88*q - 20. Give x(5).
-5
Let z(t) = -2*t**3 + 64*t**2 + 636*t - 41. Determine z(-8).
-9
Let a(s) = 5*s**3 - 319*s**2 + 13*s - 4927. Determine a(64).
1
Let i(b) = -b**2 + 67*b - 1021. Calculate i(44).
-9
Let w(i) = -50*i + 4438. Give w(95).
-312
Let x(o) = 43*o - 3371. Determine x(82).
155
Let k(j) = 96*j - 237. Determine k(4).
147
Let a(q) = -106*q + 1044. Calculate a(10).
-16
Let a(g) = -g**3 - 97*g**2 + 954*g + 7. Calculate a(-106).
7
Let v(q) = 4*q**2 + 153*q + 87. Give v(-40).
367
Let q(r) = -177*r - 8816. Determine q(-50).
34
Let d(a) = 156*a + 467. What is d(-3)?
-1
Let q(f) = 947*f - 22737. Calculate q(24).
-9
Let b(i) = -3*i**3 + 58*i**2 - 32*i + 221. Determine b(19).
-26
Let r(o) = 58*o**3 + 3*o**2 - 2*o + 89. Calculate r(0).
89
Let p(w) = -w**3 - 118*w**2 - 453*w + 346. Calculate p(-114).
4
Let p(c) = 7*c**3 - 9*c**2 - 19*c - 4. Give p(-1).
-1
Let l(x) = -106*x**2 - 12*x + 9. Give l(1).
-109
Let z(q) = -1113*q - 2227. Determine z(-2).
-1
Let h(w) = -3063*w - 15311. Calculate h(-5).
4
Let s(f) = f**2 + 1052*f + 2109. What is s(-2)?
9
Let q(r) = -52*r - 66. What is q(-3)?
90
Let f(q) = -66*q**2 - q - 24. What is f(-4)?
-1076
Let j(b) = -b**3 - 103*b**2 - 668*b + 381. Determine j(-96).
-3
Let t(x) = x**2 + 4*x - 56. Give t(-10).
4
Let i(w) = 24*w + 203. Determine i(-8).
11
Let f(l) = -l**3 - 57*l**2 + 309*l - 42. What is f(-62)?
20
Let o(t) = -t**3 + 28*t**2 - 192*t - 28. Determine o(15).
17
Let z(s) = -2*s**3 - 24*s**2 + 14*s + 178. What is z(-13)?
334
Let f(v) = v**2 + 9*v - 87. What is f(8)?
49
Let y(j) = 2*j**2 + 13*j + 20. Determine y(-16).
324
Let v(q) = -71*q + 6097. Determine v(86).
-9
Let r(c) = -2*c**2 + 2*c + 139. What is r(-10)?
-81
Let t(u) = 37*u + 277. Determine t(-7).
18
Let l(o) = -2*o**2 + 59*o + 184. Calculate l(36).
-284
Let h(s) = -2*s**3 - 26*s**2 - 65*s - 492. Give h(-12).
0
Let f(n) = -8*n**2 - 129*n - 32. Calculate f(-18).
-302
Let k(u) = u**3 - 9*u**2 - 26*u + 239. Calculate k(7).
-41
Let h(f) = f**2 + 5*f - 18. Give h(-6).
-12
Let t(m) = -34*m + 596. What is t(17)?
18
Let u(k) = 1209*k + 3635. Calculate u(-3).
8
Let r(o) = o**3 - 14*o**2 + 20*o + 17. Give r(12).
-31
Let u(v) = v**3 + 24*v**2 - 19*v - 27. Determine u(-24).
429
Let n(f) = -5*f**2 + 2*f - 6. Determine n(-2).
-30
Let j(w) = -20*w**2 + 87*w + 88. Determine j(-1).
-19
Let l(q) = -379*q + 5325. What is l(14)?
19
Let w(m) = -m**2 - 235*m - 4679. Calculate w(-22).
7
Let s(l) = l**3 + 8*l**2 + 7*l + 2. Determine s(-5).
42
Let d(s) = 4*s**3 - 94*s**2 - 50*s + 53. Calculate d(24).
5
Let j(o) = -40*o - 446. Calculate j(-21).
394
Let z(v) = -v**3 + 6*v**2 + 20*v + 233. What is z(10)?
33
Let n(t) = 3*t**2 + 109*t + 42. What is n(-36)?
6
Let u(s) = -2*s**2 - 24*s - 84. Calculate u(-11).
-62
Let b(h) = h**2 + 16*h - 758. Calculate b(22).
78
Let m(n) = -22*n**2 + 33*n - 31. Determine m(1).
-20
Let d(x) = 11*x**2 - 66*x + 42. Give d(8).
218
Let r(v) = 19*v**2 + v - 29. Determine r(5).
451
Let r(s) = 16*s - 952. Give r(61).
24
Let a(z) = 54*z - 1194. Determine a(22).
-6
Let a(h) = h**3 + 37*h**2 - 53*h - 79. Determine a(-38).
491
Let k(u) = -u**3 + 6*u**2 + 91*u + 58. Give k(-7).
58
Let m(v) = -v**2 - 37*v + 317. What is m(11)?
-211
Let w(p) = -3*p**3 - 7*p**2 - 7*p. Determine w(3).
-165
Let m(r) = 52*r - 478. Calculate m(9).
-10
Let j(k) = 5*k**2 + 272*k - 170. Determine j(-55).
-5
Let l(m) = -4*m**3 + 81*m**2 + 64*m - 25. Determine l(21).
-4
Let d(h) = h**3 - 5*h**2 - 21*h - 25. Calculate d(8).
-1
Let x(o) = -214*o - 1418. Give x(-7).
80
Let z(d) = 29059*d - 203408. What is z(7)?
5
Let n(o) = -7*o**2 + 952*o - 1831. What is n(134)?
45
Let s(f) = f**2 - 24*f + 233. Give s(16).
105
Let k(t) = -17*t + 338. What is k(35)?
-257
Let y(u) = 3*u + 179. What is y(-11)?
146
Let d(l) = -3*l**3 - 5*l**2 + 15*l - 16. Calculate d(3).
-97
Let p(u) = -5*u**2 - 490*u - 3995. Give p(-89).
10
Let j(n) = n**3 + 4*n**2 - 10*n + 36. Determine j(-6).
24
Let y(m) = -m**2 + 5*m + 30. Determine y(24).
-426
Let k(q) = -q**2 - 65*q + 295. Give k(-70).
-55
Let j(g) = -48*g - 139. Give j(-2).
-43
Let y(n) = 2*n**3 + 299*n**2 - 1544*n - 11. Give y(5).
-6
Let f(q) = -q**3 - 24*q**2 - 14*q + 74. Determine f(-24).
410
Let a(u) = 196*u + 114. Give a(-1).
-82
Let b(z) = 4*z**2 + 60*z - 142. Calculate b(-17).
-6
Let d(o) = -3*o**2 - 88*o - 147. Give d(-28).
-35
Let b(h) = 1331*h - 10654. Calculate b(8).
-6
Let r(u) = 4*u**2 + 261*u + 2245. Give r(-55).
-10
Let k(u) = 3*u**2 - 44*u - 375. Determine k(-6).
-3
Let s(r) = 66*r + 1053. Give s(-21).
-333
Let u(n) = -8*n**2 - 381*n + 387. Give u(1).
-2
Let l(z) = 54*z**3 - 2*z**2. Determine l(1).
52
Let u(b) = -21*b - 104. Calculate u(-13).
169
Let t(l) = 8*l - 424. Calculate t(-40).
-744
Let x(m) = 8*m**2 + 43*m - 596. What is x(10)?
634
Let p(q) = q**2 - 13*q + 36. Give p(7).
-6
Let f(w) = w**2 + 70*w + 733. Calculate f(-